 the value of 18 + -16 + 11 + -7?
6
What is -4 + 0 - (-5 - 0) - (-269 - -301)?
-31
What is 6 + -13 - (1 + (-1 - -1))?
-8
(14 - -3 - -4) + -6 + 15 + -14
16
What is (19 - (0 - -20)) + 3 + (4 - 15)?
-9
Evaluate (-12 - (3 + -3)) + (-34 - -11 - -5).
-30
Evaluate -9 + 1 + 4 + 8.
4
Evaluate 10 + 23 + -38 + 1.
-4
Calculate 1 + -3 + -5 - (-23 - 3 - -4).
15
What is the value of 5 - ((13 - 22) + 1 + 0) - -3?
16
Evaluate -10 + 7 + -13 + 15.
-1
Evaluate 19 + -17 + (-73 - -50).
-21
What is -1 + 11 - -5 - (1 + 8 - 2)?
8
Calculate -16 + (-1 - 0) + (-10 - 5).
-32
What is the value of 36 + -32 - ((-20 - -5) + 8)?
11
6 - (1 + (-4 - -2 - 8))
15
(-139 + 141 - (-1 + 2 - 17)) + -1
17
Evaluate -7 - -31 - (49 + -15).
-10
Calculate (-4 + 8 + 5 - -6) + -10.
5
What is the value of -21 - (-25 + (16 - 12))?
0
2 - (-19 + -2) - (16 - (4 - -9))
20
-16 + (-48 - -17 - -26)
-21
Calculate -34 - (-11 + -36 - -34).
-21
Evaluate 1 - (-12 - (-13 - 12)).
-12
(1 - (-1 - -6)) + (17 - (-21 - -33))
1
What is 125 + -129 + 17 + -1?
12
3 + -9 + -4 - -19 - 16
-7
What is 8 - -16 - ((8 - 9) + 9)?
16
Calculate -4 - (-9 + -10 + 3) - 0.
12
Calculate (-26 + 36 - 14) + -5.
-9
What is the value of 6 + -4 + -5 - -3 - 13?
-13
1 - (-7 + 0) - (-4 + 4)
8
Evaluate 11 - (54 + -69 + 37).
-11
What is the value of 13 - (7 + 8 + -7)?
5
Evaluate 5 + ((-9 - -3) + 8 - (-3 - -4)).
6
What is the value of 2 + (7 - (0 + 3))?
6
Calculate 1 + (0 - (-20 + 10)).
11
What is -2 - -48 - 45 - (-2 - -4)?
-1
Calculate -11 + (9 - 54) + 74.
18
What is the value of (44 - (-20 - -25)) + -20?
19
-1 - (-33 - (6 - 47))
-9
What is the value of -16 + 2 + 10 + 1 + (55 - 62)?
-10
What is the value of 9 + -4 + (-38 - -18)?
-15
-1 + 4 + -4 + 0 + 9 + -4
4
What is (-14 - -2) + (-90 - -105)?
3
Evaluate -6 + (-1 - 9 - -15) - 13.
-14
Evaluate (-12 - -27) + (4 - 54) + 13.
-22
Evaluate 7 + 9 + -30 - -11.
-3
Calculate -12 + -2 + (-41 + 20 - -61).
26
-38 + 18 + 11 + 0 + -13
-22
(3 - 2) + (28 - 22)
7
What is the value of -1 + -11 - (-126 + 105)?
9
Calculate (-1 - -2) + (2 - -15 - 2) + -6.
10
567 - 548 - (12 + -1)
8
(16 - 11) + (-17 - (10 - 8))
-14
-32 - (-23 + -14 + 26 + -3)
-18
Calculate 20 - 22 - (-38 - -21).
15
What is 17 + 27 + -44 - (-1 - -15)?
-14
What is (9 - 2) + 1 + (0 - 7)?
1
What is 5 + 17 + -12 + 1 + 3?
14
Evaluate (4 - -17 - -4) + -35.
-10
What is -4 - (-14 - (-5 + (5 - -10)))?
20
What is 2 - 3 - -8 - (7 - -9 - 11)?
2
What is the value of (1 - 6) + 2 + 4 + 102 + -114?
-11
What is the value of 7 + -23 - 0 - -10?
-6
7 + 5 + -9 + -3 + 1 + -5
-4
What is the value of (9 + (1 - 5) - -3) + (-9 - -2)?
1
Evaluate 42 + 39 + -107 + 18.
-8
Calculate -8 + (21 - 11 - -5) + 9.
16
What is the value of (24 - 5 - 11) + 0 + 0 + -27?
-19
What is 54 - (7 - 3 - -37)?
13
Evaluate 1 + -1 + 7 + (10 - -23 - 38).
2
What is the value of -17 - (-7 - (25 - 19))?
-4
-13 + 21 + 6 + (-10 - 5) + -7
-8
(1 - -4) + -4 + 2 - (-64 - -80)
-13
Calculate 1 - 9 - (128 + -147).
11
Evaluate 9 + 16 + -21 + 7.
11
Calculate -1 + -5 + 19 + (-3 - (-1 + -4)).
15
Evaluate (3 - 19) + -1 + 10 - (7 + -3).
-11
Evaluate 10 + -16 + 16 + (-5 - (-2 + 2)).
5
Calculate 3 + 6 + 3 + -11.
1
What is the value of 18 + (-18 - (-17 + 2)) + (3 - 0)?
18
6 - (-10 + 11 + -19 + 19 + -2)
7
Evaluate 5 + 0 + -43 + -6 + (9 - -1).
-34
What is -28 - (2 - (34 + 3))?
7
Evaluate (-3 - 14) + -22 + 10.
-29
What is 7 + -15 + 41 + -21?
12
Evaluate (10 - (9 + -9)) + 2.
12
Calculate -18 - -10 - (6 + -6) - 6.
-14
Evaluate (-8 - -5) + -2 + -17 + 38.
16
What is the value of 18 + (-12 - (-4 + 0 - (29 + -20)))?
19
Evaluate 7 - (2 + -5 - (13 - 18)).
5
Evaluate 15 - (19 + -5) - -10.
11
Evaluate 4 + 3 + 3 + -4.
6
Evaluate -15 - (-20 + (17 - 1) + -19).
8
-29 + 42 + -16 + 2 + (15 - 0)
14
What is -11 - (13 + -2 - 5 - 10)?
-7
What is the value of -7 + 16 + (-11 - -13)?
11
Evaluate (6 - 25) + (5 - -1).
-13
What is (7 + -11 - -1) + 4?
1
Calculate 6 + (4 - 2) + -6 + 9 - 2.
9
What is the value of 4 + (1 - 8) + -9 + 17 - -17?
22
What is -97 + 96 + 1 + -10 - -27?
17
What is the value of (2 - 11) + 14 + -6 + 2 + 2?
3
-98 + 77 - (-1 + (-7 - -1))
-14
Evaluate 2 + -5 + 2 + (-1 - (-1 - 6)).
5
What is (28 - (34 - 0)) + 24?
18
21 - (25 + (9 - 34))
21
Calculate -2 + (-6 - -23) + 10 + 1.
26
What is the value of 0 + 1 + -81 + 71?
-9
What is (-419 - -443) + 2 + -21?
5
What is -3 - (-16 - (-27 + 17))?
3
Evaluate -2 + (-3 + -1 - -13) + 93 + -71.
29
What is 1 - (22 - 13 - (4 + 19)) - 9?
6
Evaluate -2 + 7 + -10 - 0 - (5 + 0).
-10
Evaluate -627 + 634 + 12 + -1.
18
What is 10 + (7 - (8 + 0)) + 2 + -6?
5
What is (3 - (-1 - -1)) + -99 + 98?
2
Evaluate (14 - 12) + (-19 - 0) + (20 - 17).
-14
What is (11 - 2) + (-5 + 17 + 0 - 10)?
11
(-35 - (-45 + 13)) + 39
36
Evaluate 5 - (7 + (-15 - (-3 + -1)) + 1).
8
What is -9 + 9 + -6 + 16 + 6 + -4?
12
-2 + 8 + -3 + 6 + (-5 - 12)
-8
Evaluate -7 + 0 - (120 + -129).
2
Calculate 17 + -1 - (16 - 12) - -11.
23
What is (-5 - (-4 - 2)) + 104 + -105?
0
Evaluate -2 - 7 - (29 - -22 - 31).
-29
Calculate 138 - 136 - (-1 + 0).
3
What is the value of 17 - (20 - -12) - -19?
4
What is 27 + 21 + -16 + -21?
11
Evaluate (-15 + 8 - -14) + -3 + -9.
-5
Calculate -11 + 17 + -19 - -6.
-7
What is the value of 18 + 5 + (18 - 45)?
-4
Calculate 39 - -1 - (-10 - -17) - 9 - 1.
23
6 + -34 + (25 - -18)
15
Calculate (-1 - 5) + 3 + -226 + 215.
-14
Calculate (-8 - (7 + -2 + -1)) + -48 + 48.
-12
What is the value of -18 - (-80 + (55 - 8))?
15
(4 - 0 - (210 + -215)) + 2
11
Calculate (1 - (6 + -6)) + -13 + 5.
-7
What is (3 - 3 - (-7 - -5)) + 7?
9
Evaluate -2 - -7 - (-2 + 12 - (9 + -4)).
0
What is the value of 22 - (10 - (9 + -11 + 3 + 7))?
20
What is the value of (-11 - 0) + 5 + (-1 - (0 + 0))?
-7
What is the value of 0 - ((-1 - -11 - (-34 + 39)) + -3)?
-2
What is 14 - 1 - (-54 + 16 - -58)?
-7
Evaluate -10 + 29 - (37 - 1).
-17
Evaluate 18 + 0 - (22 + (1 + 1 - 15)).
9
-5 - (2 - -7 - (35 - 36))
-15
Calculate 9 + (-66 - -37) - (-3 + -2).
-15
Calculate 11 + -4 + -14 + -1 + -3 + 0.
-11
What is 74 + -99 - (1 + (3 - (16 + -1)))?
-14
3 - (8 + (0 - 2) - 3 - -2)
-2
Calculate -1 - (-16 - (-4 - ((-6 - -2) + 3))).
12
-3 + (-1 - (2 + -4))
-2
Evaluate 16 + (-13 - (-14 - -17)).
0
What is the value of (1 - -4) + (31 - 31)?
5
Evaluate (2 - 5) + (-15 - (-13 + 7)) - 1.
-13
Evaluate -15 - (12 + -24 - 15).
12
What is the value of (-6 - -6) + -2 - -3?
1
What is the value of 0 - (32 + -19 + -29)?
16
Evaluate 0 + 7 + 31 + -39 - -7.
6
Calculate (87 - 63) + -7 + -31.
-14
What is the value of -8 + 24 - (-1 + 33)?
-16
Calculate 2 + (0 - (3 - 0) - -3).
2
Evaluate 1 + 2 + -8 + -3 + 20 - -2.
14
What is the value of 11 + -11 + 10 + 0 + -5 - -1?
6
What is (8 + (-13 - -8) - 13) + 27?
17
Calculate 270 + -266 + -7 + 2.
-1
What is the value of -53 - (-19 + -4) - -22?
-8
Calculate (20 + -23 - (-18 - 0)) + -22.
-7
9 + 24 + -25 + 13
21
-33 - -3 - (-70 - -16)
24
77 + (17 - 7) + -55
32
Evaluate -7 - (13 - ((3 - 1) + (1 - -4))).
-13
-17 - (-2 - 32) - 10
7
What is 2 + -2 - (-16 - -28)?
-12
What is the value of 3 - (-4 - (-4 + -1)) - 2?
0
Evaluate -27 - (61 + -36 + -40).
-12
What is the value of 19 - (45 + -17) - (-5 + 1)?
-5
What is 6 - (-24 + 28 - (-3 - 17)) - 4?
-22
What is the value of (7 + -7 - (14 + -3)) + 38?
27
Evaluate -21 - (12 - (-14 + (-18 - -33))).
-32
Calculate (18 - (-3 - -19)) + -10 + 2 - -24.
18
1 + -5 + 135 + -131
0
-14 + 2 + (2 - (13 + -7)) + -1
-17
Evaluate -3 - -9 - (-59 - -73).
-8
2 - (17 + -14 + 8)
-9
Evaluate -282 + 291 + -12 + (2 - 1).
-2
441 + -438 + (2 - 10 - (-1 - 2))
-2
Evaluate 0 + -10 + 17 + 1 + -30.
-22
-15 - (-1 - -16 - 25)
-5
1079 + -1085 - (-1 - (-1 - -6))
0
What is the value of 14 + -11 + -14 + 26 + -2 + 0?
13
0 - (-10 + -24 + 16)
18
What is -21 + -4 - -33 - 29?
-21
What is the value of -15 - (20 - (60 + -21))?
4
What is -14 - ((9 - 13) + 6 + 8)?
-24
Calculate -9 - 4 - ((-7 - 8) + 16).
-14
What is the value of 4 - (19 + -29 + 22)?
-8
Evaluate (8 - (11 - -11)) + 18.
4
What is the value of -10 + (6 - 5) - (-20 + 20)?
-9
What is -3 - (-7 + (4 + -2 - (-16 + 12)))?
-2
-9 + 5 + 2 + -10 + 16
4
What is the value of -18 + 31 + -14 + 2 + 3 + -1?
3
What is 14 + -5 + 12 + -23 + -5 + -1?
-8
-12 + (37 - 29 - (5 + 2))
-11
Evaluate 22 + -17 - 23 - 8 - -4.
-22
What is the value of 1 + (-12 - -17) + -37?
-31
15 + (-26 + 8 - -6)
3
Calculate -2 + 7 + 2 - 1 - 12.
-6
2 - (11 + -4 + -11) - 